{"id":286,"date":"2022-06-10T13:41:11","date_gmt":"2022-06-10T13:41:11","guid":{"rendered":"https:\/\/i-gameproject.eu\/?page_id=286"},"modified":"2026-03-06T12:51:38","modified_gmt":"2026-03-06T12:51:38","slug":"the-project-pl","status":"publish","type":"page","link":"https:\/\/i-gameproject.eu\/?page_id=286&lang=pl","title":{"rendered":"THE-PROJECT-PL"},"content":{"rendered":"\t\t<div data-elementor-type=\"wp-page\" data-elementor-id=\"286\" class=\"elementor elementor-286\">\n\t\t\t\t\t\t\t\t\t<section class=\"elementor-section elementor-top-section elementor-element elementor-element-f1e5303 elementor-section-content-middle elementor-section-boxed elementor-section-height-default elementor-section-height-default\" data-id=\"f1e5303\" data-element_type=\"section\" data-settings=\"{&quot;background_background&quot;:&quot;classic&quot;}\">\n\t\t\t\t\t\t\t<div class=\"elementor-background-overlay\"><\/div>\n\t\t\t\t\t\t\t<div class=\"elementor-container elementor-column-gap-no\">\n\t\t\t\t\t<div class=\"elementor-column elementor-col-100 elementor-top-column elementor-element elementor-element-2acc485\" data-id=\"2acc485\" data-element_type=\"column\">\n\t\t\t<div class=\"elementor-widget-wrap elementor-element-populated\">\n\t\t\t\t\t\t\t\t<div class=\"elementor-element elementor-element-9d809e2 elementor-widget elementor-widget-heading\" data-id=\"9d809e2\" data-element_type=\"widget\" data-widget_type=\"heading.default\">\n\t\t\t\t<div class=\"elementor-widget-container\">\n\t\t\t<style>\/*! elementor - v3.15.0 - 20-08-2023 *\/\n.elementor-heading-title{padding:0;margin:0;line-height:1}.elementor-widget-heading .elementor-heading-title[class*=elementor-size-]>a{color:inherit;font-size:inherit;line-height:inherit}.elementor-widget-heading .elementor-heading-title.elementor-size-small{font-size:15px}.elementor-widget-heading .elementor-heading-title.elementor-size-medium{font-size:19px}.elementor-widget-heading .elementor-heading-title.elementor-size-large{font-size:29px}.elementor-widget-heading .elementor-heading-title.elementor-size-xl{font-size:39px}.elementor-widget-heading .elementor-heading-title.elementor-size-xxl{font-size:59px}<\/style><h4 class=\"elementor-heading-title elementor-size-default\">O projekcie<\/h4>\t\t<\/div>\n\t\t\t\t<\/div>\n\t\t\t\t\t<\/div>\n\t\t<\/div>\n\t\t\t\t\t\t\t<\/div>\n\t\t<\/section>\n\t\t\t\t<section class=\"elementor-section elementor-top-section elementor-element elementor-element-b33f511 elementor-section-boxed elementor-section-height-default elementor-section-height-default\" data-id=\"b33f511\" data-element_type=\"section\">\n\t\t\t\t\t\t<div class=\"elementor-container elementor-column-gap-default\">\n\t\t\t\t\t<div class=\"elementor-column elementor-col-100 elementor-top-column elementor-element elementor-element-778720b\" data-id=\"778720b\" data-element_type=\"column\">\n\t\t\t<div class=\"elementor-widget-wrap elementor-element-populated\">\n\t\t\t\t\t\t\t\t<div class=\"elementor-element elementor-element-f953f50 elementor-widget elementor-widget-heading\" data-id=\"f953f50\" data-element_type=\"widget\" data-widget_type=\"heading.default\">\n\t\t\t\t<div class=\"elementor-widget-container\">\n\t\t\t<h2 class=\"elementor-heading-title elementor-size-default\">CEL<\/h2>\t\t<\/div>\n\t\t\t\t<\/div>\n\t\t\t\t\t<\/div>\n\t\t<\/div>\n\t\t\t\t\t\t\t<\/div>\n\t\t<\/section>\n\t\t\t\t<section class=\"elementor-section elementor-top-section elementor-element elementor-element-1dea21d elementor-section-boxed elementor-section-height-default elementor-section-height-default\" data-id=\"1dea21d\" data-element_type=\"section\">\n\t\t\t\t\t\t<div class=\"elementor-container elementor-column-gap-default\">\n\t\t\t\t\t<div class=\"elementor-column elementor-col-100 elementor-top-column elementor-element elementor-element-4a41075\" data-id=\"4a41075\" data-element_type=\"column\">\n\t\t\t<div class=\"elementor-widget-wrap elementor-element-populated\">\n\t\t\t\t\t\t\t\t<div class=\"elementor-element elementor-element-208a813 elementor-widget elementor-widget-text-editor\" data-id=\"208a813\" data-element_type=\"widget\" data-widget_type=\"text-editor.default\">\n\t\t\t\t<div class=\"elementor-widget-container\">\n\t\t\t<style>\/*! elementor - v3.15.0 - 20-08-2023 *\/\n.elementor-widget-text-editor.elementor-drop-cap-view-stacked .elementor-drop-cap{background-color:#69727d;color:#fff}.elementor-widget-text-editor.elementor-drop-cap-view-framed .elementor-drop-cap{color:#69727d;border:3px solid;background-color:transparent}.elementor-widget-text-editor:not(.elementor-drop-cap-view-default) .elementor-drop-cap{margin-top:8px}.elementor-widget-text-editor:not(.elementor-drop-cap-view-default) .elementor-drop-cap-letter{width:1em;height:1em}.elementor-widget-text-editor .elementor-drop-cap{float:left;text-align:center;line-height:1;font-size:50px}.elementor-widget-text-editor .elementor-drop-cap-letter{display:inline-block}<\/style>\t\t\t\t<p>Projekt \u201eI-GAME: Innovative GAming Methodologies in Education&#8221; (\u201eI-GAME: Innowacyjne Metodologie Gier w Edukacji\u201d) powsta\u0142 w celu ulepszenia i aktualizacji przestarza\u0142ych metod oraz pogl\u0105d\u00f3w w kwestii wykorzystania gier powa\u017cnych w edukacji dla korzy\u015bci r\u00f3\u017cnorodnych wykluczonych grup.<\/p>\t\t\t\t\t\t<\/div>\n\t\t\t\t<\/div>\n\t\t\t\t\t<\/div>\n\t\t<\/div>\n\t\t\t\t\t\t\t<\/div>\n\t\t<\/section>\n\t\t\t\t<section class=\"elementor-section elementor-top-section elementor-element elementor-element-f88f905 elementor-section-boxed elementor-section-height-default elementor-section-height-default\" data-id=\"f88f905\" data-element_type=\"section\">\n\t\t\t\t\t\t<div class=\"elementor-container elementor-column-gap-default\">\n\t\t\t\t\t<div class=\"elementor-column elementor-col-100 elementor-top-column elementor-element elementor-element-7af8fb4\" data-id=\"7af8fb4\" data-element_type=\"column\">\n\t\t\t<div class=\"elementor-widget-wrap elementor-element-populated\">\n\t\t\t\t\t\t\t\t<div class=\"elementor-element elementor-element-f3ec1b0 elementor-widget elementor-widget-heading\" data-id=\"f3ec1b0\" data-element_type=\"widget\" data-widget_type=\"heading.default\">\n\t\t\t\t<div class=\"elementor-widget-container\">\n\t\t\t<h2 class=\"elementor-heading-title elementor-size-default\">IDEA<\/h2>\t\t<\/div>\n\t\t\t\t<\/div>\n\t\t\t\t\t<\/div>\n\t\t<\/div>\n\t\t\t\t\t\t\t<\/div>\n\t\t<\/section>\n\t\t\t\t<section class=\"elementor-section elementor-top-section elementor-element elementor-element-7045ef1 elementor-section-boxed elementor-section-height-default elementor-section-height-default\" data-id=\"7045ef1\" data-element_type=\"section\">\n\t\t\t\t\t\t<div class=\"elementor-container elementor-column-gap-default\">\n\t\t\t\t\t<div class=\"elementor-column elementor-col-100 elementor-top-column elementor-element elementor-element-598f6fb\" data-id=\"598f6fb\" data-element_type=\"column\">\n\t\t\t<div class=\"elementor-widget-wrap elementor-element-populated\">\n\t\t\t\t\t\t\t\t<div class=\"elementor-element elementor-element-d274d5f elementor-widget elementor-widget-text-editor\" data-id=\"d274d5f\" data-element_type=\"widget\" data-widget_type=\"text-editor.default\">\n\t\t\t\t<div class=\"elementor-widget-container\">\n\t\t\t\t\t\t\t<p>Gry staj\u0105 si\u0119 coraz popularniejsz\u0105 opcj\u0105 w procesie edukacji. I nie bez powodu. Powszechnie wiadomo, \u017ce aktywno\u015b\u0107 partycypacyjna (anga\u017cuj\u0105ca) ma zwi\u0119kszon\u0105 efektywno\u015b\u0107 w przekazywaniu tre\u015bci edukacyjnych. Rekreacyjna natura gier pozwala uczestnikom cieszy\u0107 si\u0119 z procesu nauczania, dzi\u0119ki czemu zwi\u0119ksza si\u0119 ich uwaga oraz przyswajanie dostarczanych informacji czy umiej\u0119tno\u015bci. Dodatkowo, usprawnieniu ulegaj\u0105 tak\u017ce funkcje kognitywne, poniewa\u017c sam fakt uczestniczenia w grze, zak\u0142ada podejmowanie decyzji oraz interakcje socjalne.<\/p><p>W ostatnich latach przemys\u0142 growy (szczeg\u00f3lnie sektor gier planszowych) poczyni\u0142 ogromny progres, osi\u0105gaj\u0105c niewyobra\u017calne wy\u017cyny. Niemniej w sektorze edukacyjnym ich wykorzystanie pozosta\u0142o zwi\u0105zane z przestarza\u0142ym poziomem gier sprzed lat lub nieraz ca\u0142ych dekad temu. Sektor ten ca\u0142kowicie nie stara si\u0119 dogoni\u0107 obecnych trend\u00f3w czy skomplikowanych mechanik wszechobecnych we wsp\u00f3\u0142czesnych grach.<\/p><p>Analizuj\u0105c r\u00f3\u017cnorodne projekty oraz wyniki, mo\u017cna zauwa\u017cy\u0107, \u017ce badania nad grami powa\u017cnymi skupiaj\u0105 si\u0119 na starych za\u0142o\u017ceniach oraz koncepcjach, brakuje w nich zrozumienia mo\u017cliwo\u015bci oferowanych przez wsp\u00f3\u0142czesny przemys\u0142 growy oraz s\u0105 ograniczone do cyfrowych gier, kt\u00f3re maj\u0105 wiele wad w por\u00f3wnaniu z grami planszowymi. Przewaga gier planszowych ujawnia si\u0119 szczeg\u00f3lnie w ich aspekcie socjalnym, poniewa\u017c ludzie z za\u0142o\u017cenia musz\u0105 wchodzi\u0107 ze sob\u0105 w interakcje \u2013 jest to podstawowy warunek uczestniczenia w grze planszowej. Co wi\u0119cej, pomimo \u017cycia w erze cyfrowej, najni\u017csza klasa ekonomiczna cz\u0119sto ma trudno\u015bci z uzyskaniem tego, co wi\u0119kszo\u015b\u0107 ludzi uzna\u0142aby za rzecz oczywist\u0105. Dost\u0119p do Internetu czy posiadanie w\u0142asnego komputera nie jest bezp\u0142atne. Jest to szczeg\u00f3lnie zauwa\u017calne w ostatnich czasach kryzys\u00f3w gospodarczych, reperkusji kryzys\u00f3w naturalnych oraz pandemii.<\/p><p>Nasz projekt stara si\u0119 pokona\u0107 przeszkody w dalszym rozwoju sektora, \u0142\u0105cz\u0105c organizacje o zr\u00f3\u017cnicowanym zestawie specjalizacji, tak aby u\u0142atwi\u0107 zrozumienie wsp\u00f3\u0142czesnego potencja\u0142u kryj\u0105cego si\u0119 w grach planszowych dla edukacji szerokiego wachlarza grup docelowych. Wszystkie organizacje uczestnicz\u0105ce w projekcie zajmuj\u0105 si\u0119 innym etapem lub ca\u0142kowicie odmiennymi aspektami gier planszowych: produkcja, projektowanie, dostosowanie dla os\u00f3b niepe\u0142nosprawnych czy adaptacja pod mniejszo\u015bci b\u0105d\u017a osoby wykluczone. \u0141\u0105cz\u0105c nasze perspektywy, b\u0119dziemy mogli wzajemnie ujrze\u0107 potrzeby i specyfik\u0119 pracy w ka\u017cdej z tych dziedzin. Umo\u017cliwi to okre\u015blenie wsp\u00f3lnych podstaw oraz niezb\u0119dnych informacji, kt\u00f3re ka\u017cda ze stron musi posiada\u0107, aby skutecznie i jak najwydajniej wsp\u00f3\u0142pracowa\u0107 z pozosta\u0142ymi sektorami.<\/p><p>\u00a0<\/p>\t\t\t\t\t\t<\/div>\n\t\t\t\t<\/div>\n\t\t\t\t\t<\/div>\n\t\t<\/div>\n\t\t\t\t\t\t\t<\/div>\n\t\t<\/section>\n\t\t\t\t<section class=\"elementor-section elementor-top-section elementor-element elementor-element-0cf59ab elementor-section-boxed elementor-section-height-default elementor-section-height-default\" data-id=\"0cf59ab\" data-element_type=\"section\">\n\t\t\t\t\t\t<div class=\"elementor-container elementor-column-gap-default\">\n\t\t\t\t\t<div class=\"elementor-column elementor-col-100 elementor-top-column elementor-element elementor-element-71de935\" data-id=\"71de935\" data-element_type=\"column\">\n\t\t\t<div class=\"elementor-widget-wrap elementor-element-populated\">\n\t\t\t\t\t\t\t\t<div class=\"elementor-element elementor-element-6c191ca elementor-widget elementor-widget-heading\" data-id=\"6c191ca\" data-element_type=\"widget\" data-widget_type=\"heading.default\">\n\t\t\t\t<div class=\"elementor-widget-container\">\n\t\t\t<h2 class=\"elementor-heading-title elementor-size-default\">GRUPY DOCELOWA<\/h2>\t\t<\/div>\n\t\t\t\t<\/div>\n\t\t\t\t\t<\/div>\n\t\t<\/div>\n\t\t\t\t\t\t\t<\/div>\n\t\t<\/section>\n\t\t\t\t<section class=\"elementor-section elementor-top-section elementor-element elementor-element-0410c04 elementor-section-boxed elementor-section-height-default elementor-section-height-default\" data-id=\"0410c04\" data-element_type=\"section\">\n\t\t\t\t\t\t<div class=\"elementor-container elementor-column-gap-default\">\n\t\t\t\t\t<div class=\"elementor-column elementor-col-100 elementor-top-column elementor-element elementor-element-2e13968\" data-id=\"2e13968\" data-element_type=\"column\">\n\t\t\t<div class=\"elementor-widget-wrap elementor-element-populated\">\n\t\t\t\t\t\t\t\t<div class=\"elementor-element elementor-element-d491236 elementor-widget elementor-widget-text-editor\" data-id=\"d491236\" data-element_type=\"widget\" data-widget_type=\"text-editor.default\">\n\t\t\t\t<div class=\"elementor-widget-container\">\n\t\t\t\t\t\t\t<ul><li>Projekt jest skierowany do organizacji oraz os\u00f3b wspieraj\u0105cych osoby z niepe\u0142nosprawno\u015bci\u0105 (intelektualn\u0105), wspieraj\u0105cych mniejszo\u015bci lub osoby wykluczone spo\u0142ecznie z innych wzgl\u0119d\u00f3w, jak r\u00f3wnie\u017c do specjalist\u00f3w, stowarzysze\u0144 czy innych organizacji zwi\u0105zanych z przemys\u0142em gier planszowych jak r\u00f3wnie\u017c potencjalnie zainteresowanych interesariuszy. societies<\/li><\/ul>\t\t\t\t\t\t<\/div>\n\t\t\t\t<\/div>\n\t\t\t\t\t<\/div>\n\t\t<\/div>\n\t\t\t\t\t\t\t<\/div>\n\t\t<\/section>\n\t\t\t\t<section class=\"elementor-section elementor-top-section elementor-element elementor-element-224cc3e elementor-section-boxed elementor-section-height-default elementor-section-height-default\" data-id=\"224cc3e\" data-element_type=\"section\">\n\t\t\t\t\t\t<div class=\"elementor-container elementor-column-gap-default\">\n\t\t\t\t\t<div class=\"elementor-column elementor-col-100 elementor-top-column elementor-element elementor-element-40631d6\" data-id=\"40631d6\" data-element_type=\"column\">\n\t\t\t<div class=\"elementor-widget-wrap elementor-element-populated\">\n\t\t\t\t\t\t\t\t<div class=\"elementor-element elementor-element-c85c675 elementor-widget elementor-widget-heading\" data-id=\"c85c675\" data-element_type=\"widget\" data-widget_type=\"heading.default\">\n\t\t\t\t<div class=\"elementor-widget-container\">\n\t\t\t<h2 class=\"elementor-heading-title elementor-size-default\">CO CHCEMY OSI\u0104GN\u0104\u0106<\/h2>\t\t<\/div>\n\t\t\t\t<\/div>\n\t\t\t\t\t<\/div>\n\t\t<\/div>\n\t\t\t\t\t\t\t<\/div>\n\t\t<\/section>\n\t\t\t\t<section class=\"elementor-section elementor-top-section elementor-element elementor-element-16d271f elementor-section-boxed elementor-section-height-default elementor-section-height-default\" data-id=\"16d271f\" data-element_type=\"section\">\n\t\t\t\t\t\t<div class=\"elementor-container elementor-column-gap-default\">\n\t\t\t\t\t<div class=\"elementor-column elementor-col-100 elementor-top-column elementor-element elementor-element-9753e49\" data-id=\"9753e49\" data-element_type=\"column\">\n\t\t\t<div class=\"elementor-widget-wrap elementor-element-populated\">\n\t\t\t\t\t\t\t\t<div class=\"elementor-element elementor-element-71d15a7 elementor-widget elementor-widget-text-editor\" data-id=\"71d15a7\" data-element_type=\"widget\" data-widget_type=\"text-editor.default\">\n\t\t\t\t<div class=\"elementor-widget-container\">\n\t\t\t\t\t\t\t<p>Popraw\u0119 kompetencji pedagog\u00f3w oraz innych specjalist\u00f3w zajmuj\u0105cych si\u0119 edukacj\u0105 doros\u0142ych, promowanie integracji oraz r\u00f3\u017cnorodno\u015bci we wszystkich dziedzinach edukacji, szkolenia m\u0142odzie\u017cy, stworzenie \u015bcie\u017cek podnoszenia umiej\u0119tno\u015bci, zwi\u0119kszenie dost\u0119pno\u015bci oraz przyst\u0119pno\u015bci nauczania doros\u0142\u00f3w oraz aktualizacja obszaru nauczania opartego o wykorzystanie gier.<\/p>\t\t\t\t\t\t<\/div>\n\t\t\t\t<\/div>\n\t\t\t\t\t<\/div>\n\t\t<\/div>\n\t\t\t\t\t\t\t<\/div>\n\t\t<\/section>\n\t\t\t\t<section class=\"elementor-section elementor-top-section elementor-element elementor-element-46bffdd elementor-section-boxed elementor-section-height-default elementor-section-height-default\" data-id=\"46bffdd\" data-element_type=\"section\">\n\t\t\t\t\t\t<div class=\"elementor-container elementor-column-gap-default\">\n\t\t\t\t\t<div class=\"elementor-column elementor-col-100 elementor-top-column elementor-element elementor-element-5cffe8d\" data-id=\"5cffe8d\" data-element_type=\"column\">\n\t\t\t<div class=\"elementor-widget-wrap elementor-element-populated\">\n\t\t\t\t\t\t\t\t<div class=\"elementor-element elementor-element-e5f86ae elementor-widget elementor-widget-heading\" data-id=\"e5f86ae\" data-element_type=\"widget\" data-widget_type=\"heading.default\">\n\t\t\t\t<div class=\"elementor-widget-container\">\n\t\t\t<h2 class=\"elementor-heading-title elementor-size-default\">WYNIKI<\/h2>\t\t<\/div>\n\t\t\t\t<\/div>\n\t\t\t\t\t<\/div>\n\t\t<\/div>\n\t\t\t\t\t\t\t<\/div>\n\t\t<\/section>\n\t\t\t\t<section class=\"elementor-section elementor-top-section elementor-element elementor-element-12a9927 elementor-section-boxed elementor-section-height-default elementor-section-height-default\" data-id=\"12a9927\" data-element_type=\"section\">\n\t\t\t\t\t\t<div class=\"elementor-container elementor-column-gap-default\">\n\t\t\t\t\t<div class=\"elementor-column elementor-col-100 elementor-top-column elementor-element elementor-element-4276db6\" data-id=\"4276db6\" data-element_type=\"column\">\n\t\t\t<div class=\"elementor-widget-wrap elementor-element-populated\">\n\t\t\t\t\t\t\t\t<div class=\"elementor-element elementor-element-7e416f8 elementor-widget elementor-widget-text-editor\" data-id=\"7e416f8\" data-element_type=\"widget\" data-widget_type=\"text-editor.default\">\n\t\t\t\t<div class=\"elementor-widget-container\">\n\t\t\t\t\t\t\t<ul><li>Seria czterech sesji (praktycznych kurs\u00f3w) gdzie uczestnicy s\u0105 wprowadzeni oraz zdobywaj\u0105 niezb\u0119dne zrozumienie takich zagadnie\u0144 jak: produkcja, technologiczne aspekty gier, konstrukcja gier, projektowanie gier, analizowanie potrzeb odbiorc\u00f3w, dostosowywanie do os\u00f3b z niepe\u0142nosprawno\u015bci\u0105 (intelektualn\u0105) lub os\u00f3b nale\u017c\u0105cych do mniejszo\u015bci b\u0105d\u017a grup wykluczonych.<\/li><li>Rozpowszechnianie zdobytego do\u015bwiadczenia w\u015br\u00f3d odpowiednich interesariuszy poprzez dzia\u0142ania upowszechniaj\u0105ce w ramach projektu i sieci partner\u00f3w.<\/li><li>Stworzenie materia\u0142\u00f3w, za pomoc\u0105 kt\u00f3rych zdobyte do\u015bwiadczenia i wnioski b\u0119d\u0105 rozpowszechniane (wywiady wideo, raporty itp.).<\/li><\/ul>\t\t\t\t\t\t<\/div>\n\t\t\t\t<\/div>\n\t\t\t\t\t<\/div>\n\t\t<\/div>\n\t\t\t\t\t\t\t<\/div>\n\t\t<\/section>\n\t\t\t\t<section class=\"elementor-section elementor-top-section elementor-element elementor-element-1d76968 elementor-section-boxed elementor-section-height-default elementor-section-height-default\" data-id=\"1d76968\" data-element_type=\"section\">\n\t\t\t\t\t\t<div class=\"elementor-container elementor-column-gap-default\">\n\t\t\t\t\t<div class=\"elementor-column elementor-col-100 elementor-top-column elementor-element elementor-element-979b65f\" data-id=\"979b65f\" data-element_type=\"column\">\n\t\t\t<div class=\"elementor-widget-wrap elementor-element-populated\">\n\t\t\t\t\t\t\t\t<div class=\"elementor-element elementor-element-4cdc412 elementor-widget elementor-widget-spacer\" data-id=\"4cdc412\" data-element_type=\"widget\" data-widget_type=\"spacer.default\">\n\t\t\t\t<div class=\"elementor-widget-container\">\n\t\t\t<style>\/*! elementor - v3.15.0 - 20-08-2023 *\/\n.elementor-column .elementor-spacer-inner{height:var(--spacer-size)}.e-con{--container-widget-width:100%}.e-con-inner>.elementor-widget-spacer,.e-con>.elementor-widget-spacer{width:var(--container-widget-width,var(--spacer-size));--align-self:var(--container-widget-align-self,initial);--flex-shrink:0}.e-con-inner>.elementor-widget-spacer>.elementor-widget-container,.e-con-inner>.elementor-widget-spacer>.elementor-widget-container>.elementor-spacer,.e-con>.elementor-widget-spacer>.elementor-widget-container,.e-con>.elementor-widget-spacer>.elementor-widget-container>.elementor-spacer{height:100%}.e-con-inner>.elementor-widget-spacer>.elementor-widget-container>.elementor-spacer>.elementor-spacer-inner,.e-con>.elementor-widget-spacer>.elementor-widget-container>.elementor-spacer>.elementor-spacer-inner{height:var(--container-widget-height,var(--spacer-size))}<\/style>\t\t<div class=\"elementor-spacer\">\n\t\t\t<div class=\"elementor-spacer-inner\"><\/div>\n\t\t<\/div>\n\t\t\t\t<\/div>\n\t\t\t\t<\/div>\n\t\t\t\t\t<\/div>\n\t\t<\/div>\n\t\t\t\t\t\t\t<\/div>\n\t\t<\/section>\n\t\t\t\t\t\t\t<\/div>\n\t\t","protected":false},"excerpt":{"rendered":"<p>O projekcie CEL Projekt \u201eI-GAME: Innovative GAming Methodologies in Education&#8221; (\u201eI-GAME: Innowacyjne Metodologie Gier w Edukacji\u201d) powsta\u0142 w celu ulepszenia i aktualizacji przestarza\u0142ych metod oraz pogl\u0105d\u00f3w w kwestii wykorzystania gier powa\u017cnych w edukacji dla korzy\u015bci r\u00f3\u017cnorodnych wykluczonych grup. IDEA Gry staj\u0105 si\u0119 coraz popularniejsz\u0105 opcj\u0105 w procesie edukacji. I nie bez powodu. Powszechnie wiadomo, \u017ce&hellip;&nbsp;<a href=\"https:\/\/i-gameproject.eu\/?page_id=286&#038;lang=pl\" class=\"\" rel=\"bookmark\">Read More &raquo;<span class=\"screen-reader-text\">THE-PROJECT-PL<\/span><\/a><\/p>\n","protected":false},"author":1,"featured_media":0,"parent":0,"menu_order":0,"comment_status":"closed","ping_status":"closed","template":"page-templates\/template-pagebuilder-full-width.php","meta":{"neve_meta_sidebar":"","neve_meta_container":"","neve_meta_enable_content_width":"","neve_meta_content_width":0,"neve_meta_title_alignment":"","neve_meta_author_avatar":"","neve_post_elements_order":"","neve_meta_disable_header":"","neve_meta_disable_footer":"","neve_meta_disable_title":"","footnotes":""},"_links":{"self":[{"href":"https:\/\/i-gameproject.eu\/index.php?rest_route=\/wp\/v2\/pages\/286"}],"collection":[{"href":"https:\/\/i-gameproject.eu\/index.php?rest_route=\/wp\/v2\/pages"}],"about":[{"href":"https:\/\/i-gameproject.eu\/index.php?rest_route=\/wp\/v2\/types\/page"}],"author":[{"embeddable":true,"href":"https:\/\/i-gameproject.eu\/index.php?rest_route=\/wp\/v2\/users\/1"}],"replies":[{"embeddable":true,"href":"https:\/\/i-gameproject.eu\/index.php?rest_route=%2Fwp%2Fv2%2Fcomments&post=286"}],"version-history":[{"count":7,"href":"https:\/\/i-gameproject.eu\/index.php?rest_route=\/wp\/v2\/pages\/286\/revisions"}],"predecessor-version":[{"id":1088,"href":"https:\/\/i-gameproject.eu\/index.php?rest_route=\/wp\/v2\/pages\/286\/revisions\/1088"}],"wp:attachment":[{"href":"https:\/\/i-gameproject.eu\/index.php?rest_route=%2Fwp%2Fv2%2Fmedia&parent=286"}],"curies":[{"name":"wp","href":"https:\/\/api.w.org\/{rel}","templated":true}]}}